 - 2*f(h). What is the units digit of l(3)?
1
Let o(t) = 2*t + 12. Let f be o(-6). Suppose -c + f*c = -3. What is the units digit of c?
3
Suppose -2*k = -4 + 2. Let n = k - -1. Suppose o = -n*o + 12. What is the units digit of o?
4
Suppose v + 0*v = -w - 3, -2*v = -3*w - 9. Let l be (4 + w)/((-1)/(-9)). Suppose j - 6 = 5*p, 3*p = -4*j + l + 38. What is the tens digit of j?
1
Let d(z) = -z**2 + 5*z - 4. Let t be d(4). Suppose 0*n - 2*n + 10 = t. What is the units digit of n?
5
Suppose 5*q - 11 = 4. Let y be (1 + -1)/q - -17. Let w = y + -11. What is the units digit of w?
6
Suppose -5*w + 14 = 3*o, -2*o - 2*o = 2*w. Suppose -b + 0*l + 2*l = -21, -72 = -4*b - w*l. What is the tens digit of b?
1
Suppose q + 5*a - 12 = -0, 3*q + 15 = 2*a. Let o(b) = b**3 + 5*b**2 + b - 2. What is the tens digit of o(q)?
1
Let i = 61 + -6. Suppose 4*o + o - i = 0. What is the tens digit of o?
1
Suppose -64 = -5*l + 3*u - 15, 2*u = 5*l - 51. Let i = l - -9. What is the tens digit of i?
2
Suppose 6 = 4*n - 6. Suppose -2*s = s - n. What is the units digit of s?
1
Suppose 0 = -2*u - 2*u. Suppose 0 = 3*g - u*g + 15. What is the units digit of (-29)/g + 2/10?
6
Let y be -2*2/4*-7. Let u = y + -19. Let n = -8 - u. What is the units digit of n?
4
Suppose 3*q + q - 20 = 0. Suppose 11 = -q*p + 146. What is the units digit of p?
7
Let p(o) = 2*o - 1. Let j(h) = -6*h + 4. Let k(i) = -2*j(i) - 7*p(i). Suppose g = -1 - 3. What is the units digit of k(g)?
7
Suppose 5*l = l - 2*o - 12, -8 = 2*o. Let a be l - -27 - (-1 + 2). Suppose -3*y + p - 2*p = -a, y - 7 = -p. What is the units digit of y?
9
Suppose 0 = -4*k + 14 + 122. Suppose 2*g = -4*v + k, -4*v - 5*g = -g - 28. What is the units digit of v?
0
Suppose -u + 2*w = u - 10, -2*w = 3*u - 20. Suppose 3*y + 3 = u. What is the units digit of y?
1
What is the units digit of (-153)/(-12) + 3/(-4)?
2
Let v be 447/15 + 1/5. Let o = -15 + v. What is the tens digit of o?
1
Let c = 9 - 32. Let x = c - -83. Suppose -2*h = h - x. What is the units digit of h?
0
Let i = 10 + -1. Suppose 3*f - 84 + i = 0. What is the tens digit of f?
2
Let b(v) = -v + 7. Let l be b(5). Suppose n + l*n - 6 = 0. Suppose n*z = 5*c + 7, 42 = 3*z - c - 1. What is the tens digit of z?
1
What is the units digit of ((-93)/(-9))/(1/3)?
1
Let f be 12 + (-2 - 2) + 1. Suppose 3*z - 84 + f = 0. What is the tens digit of z?
2
Let a(h) = -3*h. Let n be a(-1). Suppose 5*b - n*l - 19 = 0, l = 5*b - l - 21. What is the tens digit of (1 - -18) + (-10)/b?
1
Let t = 32 + 43. What is the tens digit of t?
7
Let i(o) = -o**3 + o**2 + 2*o + 18. What is the tens digit of i(-5)?
5
Let w(p) = -2*p**3 - 2*p**2 + 2. Let o be w(-2). What is the units digit of (24/o)/((-9)/(-30))?
8
Suppose 0 = -8*o + 5*o + 144. What is the tens digit of o?
4
Suppose 0 = 5*h - h - 152. What is the tens digit of h?
3
Suppose -31 = -4*j - 3*w, 0*w + 20 = 4*w. Suppose 3*s + 47 = j*s. What is the units digit of s?
7
What is the units digit of (-1)/((-1)/243) - (1 + -2)?
4
Let j(s) = -6*s - 5. Suppose -5*y - 16 = -y. Let l be j(y). Suppose -t - l = 2*t - 5*b, 3*b = t + 13. What is the units digit of t?
2
Let r(p) = p**3 + 7*p**2 + 6*p + 5. Let i be r(-6). Suppose -2*b + x - 2 = -i*b, 0 = -3*x + 6. Let a(z) = -z + 9. What is the units digit of a(b)?
9
Let c be 12/(-16) - 3/(-4). What is the tens digit of c - -8 - (-9)/3?
1
Let l(d) = d**3 - 5*d**2 + 2*d + 2. Let b be l(2). Let v be (2 + 0)/(b/42). What is the units digit of 3/9 - v/3?
5
Let f = -4 - -8. Suppose -56 = -f*z - 4*b, 5*b - 8 = 7. What is the units digit of z?
1
Let f = 81 + -52. Suppose -18 = 4*j - 5*j + h, -3*j = 2*h - f. What is the tens digit of j?
1
Suppose 3*a - 5*a = -64. Let b = a + -16. What is the tens digit of b?
1
Let p(h) = 6 + 0*h**2 - h**2 - 5 - 10*h. What is the units digit of p(-8)?
7
Let n(d) = d + 1. Let b be n(-1). Suppose 10 = 2*z - 2*q - 70, -2*z - 3*q + 65 = b. What is the units digit of z?
7
Let f(z) = 3*z + z**3 - 7*z**2 + 2 - 2 + 6*z. What is the units digit of f(6)?
8
Suppose -2*u = 2*g + 16 - 138, 3*g - 303 = -5*u. What is the units digit of u?
0
Suppose 0 = -2*z + 3*z - 3*l + 1, 4*l = -z + 13. Suppose 0*o - 23 = -f - z*o, 3 = 5*f - 3*o. What is the units digit of f?
3
Let b(a) = -a - 1. Let n be (-10 + 7)*(-8)/(-3). Let m be b(n). Suppose 2*y + 35 = 5*h + m*y, 3*y + 39 = 3*h. What is the tens digit of h?
1
Let a(x) = x**2 - 9*x - 7. Let c be a(10). Suppose 9 = c*d - 21. What is the tens digit of d?
1
Let h = 5 - 3. Suppose z - h*z = 3. What is the tens digit of 4 + z + 0 - -12?
1
Let o(u) = 2*u**2 - 8*u - 15. What is the tens digit of o(-4)?
4
What is the units digit of 34*(-2 - 9/(-3))?
4
Let m = -3 + 36. What is the units digit of m?
3
Suppose f = -u + 4*u - 218, -5*f = -u + 54. What is the units digit of u?
4
Let l be (1 - -1)/((-4)/26). Suppose 0 = 2*p - p - 22. Let d = p + l. What is the units digit of d?
9
Suppose s + 16 = 5*g, -2*g + 2*s = -0*s. Suppose 0 = -g*f + 3 + 61. What is the tens digit of f?
1
Let n(q) = -q + 2. Let r be n(0). Suppose 3*k + 15 = 4*c + 4*k, -2*k - r = 0. What is the units digit of c?
4
Suppose 3 = 3*l - 2*l. Suppose 6*w = l*w + 15. What is the units digit of w?
5
Suppose 5*k + 4*f - 220 = 0, 149 = -3*k + 6*k - f. What is the units digit of k?
8
Suppose -m + 5*i + 4 = 0, 0*m - 5*i - 8 = -2*m. What is the units digit of (m - 2) + 1*-1?
1
Let y = 20 - -3. Suppose 0*u = u - y. What is the tens digit of u?
2
Let b be ((-8)/3)/((-3)/9). Let r = b + 2. What is the units digit of r?
0
Suppose 0 = -11*h + 6*h - 30. Let u = h + -2. What is the units digit of 34/9 - u/36?
4
What is the units digit of 1 - 33/27 - (-7360)/72?
2
Let p = -2 + 7. Suppose 3*q + 0*q = -p*d + 30, 3*q - 6 = 3*d. Suppose -4 = a, 2*a - 13 = -r + d*a. What is the units digit of r?
9
Suppose 15 = 3*a - 6. Let q = 11 - a. Suppose 5*r - q*r = 11. What is the units digit of r?
1
Let l be ((-1)/3)/(2/(-12)). Suppose -5*p + 5*w + 151 = -19, -l*p + 64 = -w. What is the tens digit of p?
3
Let g = 8 + -4. Suppose 0 = 3*l + g*t + 14 - 6, 4*l - 26 = 2*t. Suppose -5*j = -5*b + l*b - 34, 8 = -2*b. What is the units digit of j?
6
Suppose 39 + 17 = -4*r. Let b be 2/7 + (-136)/r. Let x(j) = j**2 - 9*j - 3. What is the units digit of x(b)?
7
Let l(r) be the third derivative of -r**4/8 - 2*r**3/3 + 2*r**2. Let d be l(-3). Suppose 2*h - 9 = d. What is the units digit of h?
7
Suppose 5*g + 29 = -306. Let u = -40 - g. Let q = u + -18. What is the units digit of q?
9
Let w(h) = 26*h**3 - h**2 - h + 1. What is the tens digit of w(1)?
2
Suppose 0 = 4*f - 4*w - 20 - 20, 5*f + 2*w = 15. What is the units digit of f?
5
Suppose -o = -4*o - s + 11, 3 = -o + 3*s. What is the units digit of 1*o + 2 + -4?
1
Let w(j) = j**3 + 2*j**2 - 5*j + 2. Let g be w(-4). Let k be ((-1)/2)/((-2)/(-24)). Let i = k - g. What is the units digit of i?
4
Suppose k = -k - 2*o + 350, -4*k + 2*o = -682. What is the hundreds digit of k?
1
Let p(k) = 1 + 0 + 0*k - 2*k + 0*k. Let x be p(-2). Suppose h - o - 7 = 0, 0 = -x*h + 4*o - 2*o + 26. What is the units digit of h?
4
Let w(q) = -9*q + 1. What is the units digit of w(-1)?
0
What is the units digit of 1*2*(8 + 8)?
2
Let r = -7 - -10. Let s = 3 - r. Suppose -4*t + 0*t + 12 = s. What is the units digit of t?
3
Suppose 0 = 2*c + 10, -6*c - 330 = -5*s - 3*c. What is the units digit of s?
3
Suppose -k = -6*k - 2*i + 723, 3*k + 2*i - 437 = 0. What is the tens digit of k?
4
Let q(z) = 2*z**2 - z + 93. What is the tens digit of q(0)?
9
Let t = 38 - -23. What is the tens digit of t?
6
Let f(o) = -o**2 + 4*o + 4. Let g be f(4). What is the tens digit of 49/g - 1/4?
1
Let h = 15 - 11. Let u = h - -3. What is the units digit of u?
7
Suppose 4*i = 8*i - 20, 0 = -4*b + 3*i - 75. Let a = b + 24. What is the units digit of a?
9
Let s(l) = -l**3 - 4*l**2 - 4*l - 7. What is the tens digit of s(-5)?
3
Let m(p) = 2*p**3 + p**2 - p - 2. Let l be m(-2). Let i = 53 + -32. Let d = i + l. What is the units digit of d?
9
Let i(k) = 2*k**2 + 3*k - 4. What is the units digit of i(-5)?
1
Let b = 0 + -2. What is the units digit of 66/4 - b/4?
7
Let y(v) = -7*v**3 - 2*v**2 + 2*v - 2. Let u(p) = 3*p**3 + p**2 - p + 1. Let d(h) = 9*u(h) + 4*y(h). Let r be d(0). What is the units digit of (-2)/r*(4 + -5)?
2
Suppose 4*n + 13 + 12 = y, 16 = y + 5*n. What is the tens